-233b
In base 14, what is 1 - -517d99?
517d9a
In base 12, what is 237 + -18969?
-18732
In base 9, what is 430651158 - 1?
430651157
In base 15, what is -5 + -2d6d30?
-2d6d35
In base 10, what is 1345 + -1825?
-480
In base 10, what is -9 + -13006102?
-13006111
In base 4, what is -3101013 + -110203?
-3211222
In base 14, what is -4c + -53a7d?
-53acb
In base 10, what is 265 - 25034?
-24769
In base 13, what is ac7 + -3715?
-291b
In base 14, what is 11a1456 - -5?
11a145b
In base 9, what is -15 - 38836?
-38852
In base 7, what is -1263164 + -20?
-1263214
In base 13, what is 446310 - -c?
44631c
In base 6, what is 4534514323 - -4?
4534514331
In base 15, what is 3 + 2d868?
2d86b
In base 15, what is 3c - -89094?
890d1
In base 3, what is -12111020222101 - -12?
-12111020222012
In base 12, what is -a9668 - -227?
-a9441
In base 11, what is 1330612 - -18?
133062a
In base 4, what is -110112 - 10030310?
-10201022
In base 13, what is 447367 - 3?
447364
In base 4, what is -33 - 1323002211?
-1323002310
In base 7, what is 1135522 - -536?
1136361
In base 15, what is 98793d + -3?
98793a
In base 2, what is -1000100000101000100100 + -11011?
-1000100000101000111111
In base 3, what is -201122211 + 1000001201?
21101220
In base 3, what is -12202 - -22202112102?
22202022200
In base 15, what is -2641e + 20?
-263ee
In base 9, what is -20515 - 1003?
-21518
In base 3, what is 12 + -11101221121220?
-11101221121201
In base 4, what is 300313 + -12301?
222012
In base 7, what is -1464604452 + -2?
-1464604454
In base 12, what is -1138b4 - -11?
-1138a3
In base 15, what is 1d - 658b4?
-65896
In base 3, what is 1 - 22120111112022?
-22120111112021
In base 13, what is -1a61 - 270c?
-4470
In base 10, what is 569 - -17367?
17936
In base 12, what is 5 - -4bb69b0?
4bb69b5
In base 11, what is -3740134 + -2?
-3740136
In base 14, what is -7b7 - -114c9?
10b12
In base 8, what is -134261 + -564?
-135045
In base 16, what is -102 + 536a7?
535a5
In base 6, what is 11 - 22451042?
-22451031
In base 8, what is -170 + -1243614?
-1244004
In base 13, what is -5b1a4 - 30?
-5b204
In base 7, what is 26514054 - -1201?
26515255
In base 8, what is -20505 - 170?
-20675
In base 4, what is -30023 + -1222122202?
-1222212231
In base 15, what is 3462c + -a?
34622
In base 13, what is -2b4c1c9 + -4?
-2b4c200
In base 2, what is 1001001010110 + 10010001110111?
11011011001101
In base 10, what is 1767 + -23312?
-21545
In base 6, what is -1314015 + -1513?
-1315532
In base 3, what is -10122 - 11020201110001?
-11020201120200
In base 11, what is 14 - -31028a?
3102a3
In base 13, what is -42c + -2c47?
-3376
In base 12, what is 94813 - -2aa?
94b01
In base 4, what is 1 + 3120030331211?
3120030331212
In base 4, what is 131 - -331001012122?
331001012313
In base 16, what is 421 - 2b16?
-26f5
In base 10, what is 5349 - 2752?
2597
In base 9, what is -65217 + -33?
-65251
In base 13, what is -108930a3 - 0?
-108930a3
In base 9, what is 32324473 - 16?
32324456
In base 15, what is -180e9671 - 2?
-180e9673
In base 16, what is 480a6 - -21?
480c7
In base 4, what is -3 - 10002113202110?
-10002113202113
In base 11, what is 67a04 - 31?
67983
In base 8, what is 5 - 2104132?
-2104125
In base 3, what is -201000 + 202111010?
201210010
In base 13, what is 2c + 443c90?
443cbc
In base 5, what is 2142340423 + 4?
2142340432
In base 9, what is -10082585 + -5?
-10082601
In base 9, what is 1120040 - 85?
1118844
In base 5, what is 130 - 14240323?
-14240143
In base 2, what is -1011000110000111 - -100000011110?
-1010100101101001
In base 11, what is 73 - -2486117?
248618a
In base 8, what is 601 - 5042?
-4241
In base 10, what is -2599925 - -4?
-2599921
In base 9, what is -3 + -847314?
-847317
In base 4, what is -202 + 301130321?
301130113
In base 12, what is 20271b + -43?
202698
In base 7, what is -124522 - -6155?
-115334
In base 3, what is -200100100001210210 - 10?
-200100100001210220
In base 12, what is 0 - 6598752?
-6598752
In base 13, what is -193 - 107620?
-1077b3
In base 8, what is -15303165 + 1111?
-15302054
In base 10, what is -3 - 24916301?
-24916304
In base 6, what is 321110042 + -2?
321110040
In base 2, what is 100101100111110111001 + -1?
100101100111110111000
In base 15, what is -9 + 4056aa?
4056a1
In base 9, what is 6704220 - -18?
6704238
In base 7, what is 5 - -32204566?
32204604
In base 12, what is -5 - -46436447?
46436442
In base 11, what is -2 + 67a9685a?
67a96858
In base 4, what is -3210311 - -13112333?
3302022
In base 16, what is -1 - e9dd134?
-e9dd135
In base 10, what is -2324 - -1083?
-1241
In base 8, what is 5 - -1663403673?
1663403700
In base 3, what is -2110020 + -100121001001?
-100200111021
In base 8, what is 4 + 20736324?
20736330
In base 7, what is -416005 + 146?
-415526
In base 16, what is 180 - -b773?
b8f3
In base 9, what is 1061 - 441618?
-440547
In base 16, what is -26 - 4cc7?
-4ced
In base 8, what is 27433151 + -12?
27433137
In base 9, what is 2 - -1101344?
1101346
In base 16, what is -8 - 79942dd?
-79942e5
In base 15, what is 8 - 91b570?
-91b567
In base 3, what is 10200101110201 + 10101?
10200101121002
In base 3, what is -1020221020 - 110212210?
-1201211000
In base 10, what is 2459152 - -6?
2459158
In base 14, what is -27051608 + -2?
-2705160a
In base 10, what is -6 - 1481274?
-1481280
In base 3, what is -210122100201021 - -10?
-210122100201011
In base 9, what is -232 + 46713?
46471
In base 12, what is -20 + -2b92262?
-2b92282
In base 15, what is -504ee7 + 0?
-504ee7
In base 14, what is -3 - -2120827?
2120824
In base 8, what is 12 + -20057713?
-20057701
In base 4, what is -10300011 - 1002330?
-11303001
In base 3, what is 111101121110211211 + -10?
111101121110211201
In base 15, what is 5 - -791c?
7922
In base 8, what is -4346073 - 20?
-4346113
In base 11, what is -1813 + 58248?
56535
In base 13, what is 3104 + -683?
2751
In base 12, what is -11403362 - 5?
-11403367
In base 10, what is 580438 + -119?
580319
In base 2, what is -1101101110001000101100011 + 10?
-1101101110001000101100001
In base 13, what is -203 - -8039?
7b36
In base 8, what is 3577576 - 213?
3577363
In base 8, what is 43723506 + -10?
43723476
In base 12, what is -1b2154a9 + 0?
-1b2154a9
In base 10, what is -207506725 + -1?
-207506726
In base 10, what is -36272304 - -4?
-36272300
In base 8, what is -1451546 + -16?
-1451564
In base 12, what is a72 + a378?
b22a
In base 16, what is -991d + 9b7?
-8f66
In base 10, what is -2 - 471427?
-471429
In base 3, what is -10 + 10121110102022020?
10121110102022010
In base 9, what is 5 - -15273527?
15273533
In base 10, what is -11609 + -716?
-12325
In base 12, what is -26a819b - 1?
-26a81a0
In base 2, what is 11100001 - -101001110001100?
101010001101101
In base 15, what is -13706 + 36?
-136c0
In base 10, what is 134451 - 121?
134330
In base 7, what is -6221410 + -12?
-6221422
In base 7, what is -1333 + 3525?
2162
In base 9, what is -373 + -166365?
-166748
In base 11, what is -4 - 5712630?
-5712634
In base 2, what is 11101101111000010011010 - -1?
11101101111000010011011
In base 3, what is 120222020120 + 1101?
120222021221
In base 8, what is 3462 - -546540?
552222
In base 16, what is 39d - 35dae?
-35a11
In base 10, what is -43802955 - -5?
-43802950
In base 7, what is 222442466 + 152?
222442651
In base 9, what is -283 - 54824?
-55217
In base 11, what is -414a8a - 1009?
-415a98
In base 3, what is 22012221201 - 200?
22012221001
In base 12, what is 42782ba2 + 2?
42782ba4
In base 11, what is -1 - -2598a941?
2598a940
In base 8, what is -40 + -222050156?
-222050216
In base 2, what is -1100110010110011001101000010 + 101?
-1100110010110011001100111101
In base 5, what is -413114 + 1113?
-412001
In base 10, what is -9085 - 15672?
-24757
In base 12, what is 123 - -84a?
971
In base 8, what is -1322 + -16545?
-20067
In base 3, what is 12022 - -1012222221202?
1020000011001
In base 6, what is -53 - 5322343?
-5322440
In base 14, what is -60abc - -74?
-60a48
In base 14, what is -17 + -23d32c?
-23d345
In base 10, what is -7 - -156344384?
156344377
In base 2, what is 10 + -1000000010101110010011100?
-1000000010101110010011010
In base 8, what is -16534 - -7300?
-7234
In base 5, what is 112100 - -1420122?
2032222
In base 10, what is -1675 - 24391?
-26066
In base 14, what is -1a3857 - -3?
-1a3854
In base 11, what is 1a55 - -542a?
7384
In base 15, what is -2608